
2, 7, 11
List the prime factors of 10014.
2, 3, 1669
List the prime factors of 18647.
29, 643
List the prime factors of 16414.
2, 29, 283
What are the prime factors of 1710?
2, 3, 5, 19
List the prime factors of 2534.
2, 7, 181
What are the prime factors of 370?
2, 5, 37
List the prime factors of 491.
491
What are the prime factors of 23483?
23, 1021
List the prime factors of 718.
2, 359
What are the prime factors of 12315?
3, 5, 821
What are the prime factors of 563?
563
List the prime factors of 132934.
2, 66467
What are the prime factors of 603?
3, 67
List the prime factors of 30706.
2, 13, 1181
List the prime factors of 33.
3, 11
What are the prime factors of 24062?
2, 53, 227
List the prime factors of 52388.
2, 7, 1871
What are the prime factors of 4654?
2, 13, 179
What are the prime factors of 1236?
2, 3, 103
List the prime factors of 27060.
2, 3, 5, 11, 41
What are the prime factors of 1691?
19, 89
List the prime factors of 6494.
2, 17, 191
What are the prime factors of 6951?
3, 7, 331
What are the prime factors of 5363?
31, 173
What are the prime factors of 1971?
3, 73
List the prime factors of 6739.
23, 293
What are the prime factors of 2334?
2, 3, 389
List the prime factors of 2348.
2, 587
What are the prime factors of 2505?
3, 5, 167
What are the prime factors of 28847?
7, 13, 317
What are the prime factors of 1488?
2, 3, 31
List the prime factors of 490.
2, 5, 7
List the prime factors of 842.
2, 421
List the prime factors of 15494.
2, 61, 127
What are the prime factors of 36386?
2, 7, 23, 113
List the prime factors of 16096.
2, 503
List the prime factors of 339.
3, 113
What are the prime factors of 88622?
2, 73, 607
What are the prime factors of 1897?
7, 271
What are the prime factors of 10722?
2, 3, 1787
What are the prime factors of 131714?
2, 11, 5987
List the prime factors of 48151.
179, 269
What are the prime factors of 11905?
5, 2381
List the prime factors of 7605.
3, 5, 13
What are the prime factors of 876?
2, 3, 73
What are the prime factors of 34716?
2, 3, 11, 263
What are the prime factors of 2609?
2609
What are the prime factors of 16460?
2, 5, 823
List the prime factors of 3163.
3163
What are the prime factors of 12299?
7, 251
List the prime factors of 21039.
3, 7013
List the prime factors of 62211.
3, 89, 233
List the prime factors of 14813.
14813
List the prime factors of 5032.
2, 17, 37
List the prime factors of 12597.
3, 13, 17, 19
List the prime factors of 6316.
2, 1579
List the prime factors of 1240.
2, 5, 31
What are the prime factors of 247?
13, 19
List the prime factors of 1001.
7, 11, 13
List the prime factors of 3349.
17, 197
What are the prime factors of 8084?
2, 43, 47
List the prime factors of 17837.
17837
What are the prime factors of 113613?
3, 37871
List the prime factors of 15888.
2, 3, 331
List the prime factors of 1613.
1613
List the prime factors of 8574.
2, 3, 1429
List the prime factors of 16481.
16481
What are the prime factors of 2136?
2, 3, 89
What are the prime factors of 21377?
21377
What are the prime factors of 1193?
1193
What are the prime factors of 1952?
2, 61
List the prime factors of 92825.
5, 47, 79
List the prime factors of 16550.
2, 5, 331
List the prime factors of 1823.
1823
What are the prime factors of 4604?
2, 1151
What are the prime factors of 21325?
5, 853
What are the prime factors of 7283?
7283
List the prime factors of 3969.
3, 7
List the prime factors of 6207.
3, 2069
List the prime factors of 7690.
2, 5, 769
List the prime factors of 55547.
55547
What are the prime factors of 4071?
3, 23, 59
What are the prime factors of 1577?
19, 83
List the prime factors of 89.
89
What are the prime factors of 6885?
3, 5, 17
What are the prime factors of 40460?
2, 5, 7, 17
List the prime factors of 1743.
3, 7, 83
List the prime factors of 73962.
2, 3, 7, 587
What are the prime factors of 11861?
29, 409
What are the prime factors of 16800?
2, 3, 5, 7
List the prime factors of 72066.
2, 3, 12011
What are the prime factors of 6483?
3, 2161
List the prime factors of 8715.
3, 5, 7, 83
What are the prime factors of 10952?
2, 37
What are the prime factors of 7949?
7949
What are the prime factors of 3375?
3, 5
What are the prime factors of 43144?
2, 5393
What are the prime factors of 7983?
3, 887
List the prime factors of 66452.
2, 37, 449
List the prime factors of 6768.
2, 3, 47
What are the prime factors of 274?
2, 137
List the prime factors of 6280.
2, 5, 157
What are the prime factors of 4440?
2, 3, 5, 37
What are the prime factors of 49796?
2, 59, 211
What are the prime factors of 103647?
3, 34549
What are the prime factors of 31561?
37, 853
List the prime factors of 1764.
2, 3, 7
What are the prime factors of 2700?
2, 3, 5
What are the prime factors of 3304?
2, 7, 59
List the prime factors of 38148.
2, 3, 11, 17
List the prime factors of 865.
5, 173
List the prime factors of 3207.
3, 1069
List the prime factors of 726.
2, 3, 11
List the prime factors of 48307.
7, 67, 103
What are the prime factors of 1646?
2, 823
What are the prime factors of 1749?
3, 11, 53
List the prime factors of 16736.
2, 523
List the prime factors of 118321.
7, 16903
What are the prime factors of 829?
829
What are the prime factors of 965?
5, 193
What are the prime factors of 162461?
13, 12497
List the prime factors of 20059.
13, 1543
List the prime factors of 19803.
3, 7, 23, 41
What are the prime factors of 32223?
3, 23, 467
List the prime factors of 129.
3, 43
List the prime factors of 199.
199
What are the prime factors of 18694?
2, 13, 719
List the prime factors of 1072.
2, 67
List the prime factors of 98073.
3, 17, 641
List the prime factors of 253.
11, 23
List the prime factors of 1307.
1307
What are the prime factors of 44001?
3, 4889
What are the prime factors of 114190?
2, 5, 19, 601
List the prime factors of 58291.
71, 821
List the prime factors of 15275.
5, 13, 47
What are the prime factors of 4508?
2, 7, 23
What are the prime factors of 647?
647
List the prime factors of 25088.
2, 7
List the prime factors of 840.
2, 3, 5, 7
List the prime factors of 873.
3, 97
List the prime factors of 1646.
2, 823
What are the prime factors of 680?
2, 5, 17
What are the prime factors of 3910?
2, 5, 17, 23
What are the prime factors of 189733?
189733
List the prime factors of 14522.
2, 53, 137
What are the prime factors of 23971?
23971
List the prime factors of 51072.
2, 3, 7, 19
List the prime factors of 12013.
41, 293
List the prime factors of 81715.
5, 59, 277
List the prime factors of 3625.
5, 29
List the prime factors of 233.
233
List the prime factors of 2228.
2, 557
List the prime factors of 1124.
2, 281
What are the prime factors of 3316?
2, 829
List the prime factors of 299.
13, 23
What are the prime factors of 24985?
5, 19, 263
List the prime factors of 70762.
2, 35381
List the prime factors of 1818.
2, 3, 101
What are the prime factors of 35050?
2, 5, 701
List the prime factors of 1176.
2, 3, 7
List the prime factors of 31376.
2, 37, 53
List the prime factors of 15446.
2, 7723
What are the prime factors of 1760?
2, 5, 11
List the prime factors of 14310.
2, 3, 5, 53
List the prime factors of 1033.
1033
List the prime factors of 4502.
2, 2251
List the prime factors of 41694.
2, 3, 6949
List the prime factors of 84148.
2, 109, 193
What are the prime factors of 27849?
3, 9283
List the prime factors of 13962.
2, 3, 13, 179
What are the prime factors of 5343?
3, 13, 137
List the prime factors of 36896.
2, 1153
What are the prime factors of 2558?
2, 1279
What are the prime factors of 961?
31
What are the prime factors of 50283?
3, 37, 151
List the prime factors of 2446.
2, 1223
What are the prime factors of 31066?
2, 7, 317
What are the prime factors of 109355?
5, 21871
What are the prime factors of 40329?
3, 4481
What are the prime factors of 4884?
2, 3, 11, 37
What are the prime factors of 47320?
2, 5, 7, 13
What are the prime factors of 6410?
2, 5, 641
What are the prime factors of 33032?
2, 4129
What are the prime factors of 462?
2, 3, 7, 11
List the prime factors of 4624.
2, 17
What are the prime factors of 11181?
3, 3727
List the prime factors of 44914.
2, 17, 1321
What are the prime factors of 17809?
11, 1619
List the prime factors of 99901.
99901
What are the prime factors of 1181?
1181
What are the pr